{"id":297,"date":"2018-07-29T08:54:46","date_gmt":"2018-07-29T08:54:46","guid":{"rendered":"http:\/\/www.adranoantica.it\/?page_id=297"},"modified":"2018-12-02T14:31:02","modified_gmt":"2018-12-02T14:31:02","slug":"homepage","status":"publish","type":"page","link":"https:\/\/www.adranoantica.it\/","title":{"rendered":"Homepage"},"content":{"rendered":"<div class=\"lyte-wrapper\" style=\"width:1280px;max-width:100%;margin:5px auto;\"><div class=\"lyMe\" id=\"WYL_vMpHho3d3o0\"><div id=\"lyte_vMpHho3d3o0\" data-src=\"\/\/i.ytimg.com\/vi\/vMpHho3d3o0\/hqdefault.jpg\" class=\"pL\"><div class=\"tC\"><div class=\"tT\"><\/div><\/div><button tabindex=\"0\" class=\"play\"><\/button><div class=\"ctrl\"><div class=\"Lctrl\"><\/div><div class=\"Rctrl\"><\/div><\/div><\/div><noscript><a href=\"https:\/\/youtu.be\/vMpHho3d3o0\" rel=\"nofollow\"><img loading=\"lazy\" decoding=\"async\" src=\"https:\/\/i.ytimg.com\/vi\/vMpHho3d3o0\/0.jpg\" alt=\"YouTube video thumbnail\" width=\"1280\" height=\"700\" \/><br \/>Guarda questo video su YouTube<\/a><\/noscript><\/div><\/div><div class=\"lL\" style=\"max-width:100%;width:1280px;margin:5px auto;\"><br\/><span class=\"lyte_disclaimer\">www.adranoantica.it<\/span><\/div><\/p>\n<p style=\"text-align: justify;\">Gentile Visitatore,<br \/>\ngrazie per esser qui. Noi, Alessandro Montalto e Francesco Branchina, ideatori e finanziatori di un progetto che ha abbracciato anche un\u2019esposizione permanente, vogliamo offrirti un tuffo nel passato di 4.000 anni fa, attraverso un <span style=\"color: #ff0000;\"><a style=\"color: #ff0000;\" href=\"https:\/\/www.adranoantica.it\/wp-content\/uploads\/2018\/07\/PlasticoFondoNero-e1540991426274.jpg\">plastico<\/a><\/span> per rivivere un <span style=\"color: #ff0000;\"><a style=\"color: #ff0000;\" href=\"https:\/\/www.adranoantica.it\/wp-content\/uploads\/2018\/10\/Plastico_tempio.jpg\">tempio<\/a><\/span> e delle <span style=\"color: #ff0000;\"><a style=\"color: #ff0000;\" href=\"https:\/\/www.adranoantica.it\/wp-content\/uploads\/2018\/10\/Plastico_cascate.jpg\">cascate<\/a><\/span>, delle <a href=\"https:\/\/www.adranoantica.it\/wp-content\/uploads\/2018\/10\/mura_ciclopiche.jpg\"><span style=\"color: #ff0000;\">mura<\/span><\/a> e un&#8217;<a href=\"https:\/\/www.adranoantica.it\/wp-content\/uploads\/2018\/10\/palici.jpg\"><span style=\"color: #ff0000;\">ara<\/span><\/a>, un\u2019<a href=\"https:\/\/www.adranoantica.it\/wp-content\/uploads\/2018\/10\/acropoli.jpg\"><span style=\"color: #ff0000;\">acropoli<\/span><\/a> e le sue <a href=\"https:\/\/www.adranoantica.it\/wp-content\/uploads\/2018\/10\/Plastico_mura.jpg\"><span style=\"color: #ff0000;\">porte urbiche<\/span><\/a>, un <a href=\"https:\/\/www.adranoantica.it\/wp-content\/uploads\/2018\/10\/bosco.jpg\"><span style=\"color: #ff0000;\">bosco sacro<\/span><\/a> e una fonte d\u2019<a href=\"https:\/\/www.miti3000.eu\/adrano-avo-sicano\/868-la-valle-delle-muse-il-chiacchierio-degli-dei.html\"><span style=\"color: #ff0000;\">acqua<\/span><\/a>. E anche tre diorami che compongono un trittico rivelante un percorso <a href=\"https:\/\/www.adranoantica.it\/?p=259\">sacro \u2013 iniziatico<\/a>, ossia, le fonti d\u2019acqua \u201c<a href=\"https:\/\/www.adranoantica.it\/wp-content\/uploads\/2018\/07\/Diorami-9-e1540915994142.jpg\"><span style=\"color: #ff0000;\"><em>chiara<\/em><\/span><\/a>\u201d e \u201c<a href=\"https:\/\/www.adranoantica.it\/wp-content\/uploads\/2018\/07\/Diorami-8-e1540915692134.jpg\"><span style=\"color: #ff0000;\"><em>scura<\/em><\/span><\/a>\u201d, l\u2019ara degli dei <a href=\"https:\/\/www.adranoantica.it\/wp-content\/uploads\/2018\/07\/P1020065.jpg\"><span style=\"color: #ff0000;\"><em>Palici<\/em><\/span><\/a> e gli scranni delle <a href=\"https:\/\/www.adranoantica.it\/wp-content\/uploads\/2018\/10\/image13.jpg\"><span style=\"color: #ff0000;\">Muse<\/span><\/a>. Anche attraverso un percorso bilingue, mediante illustrazioni e fotografie scattate sui veri luoghi che hanno ispirato il progetto, spiegheremo e dispiegheremo ogni cosa. Quanto qui in mostra \u00e8 solo una parte di un programma ancor pi\u00f9 esteso. Oltre all\u2019esposizione, rivolta anche alle scuole, sar\u00e0 montato un cortometraggio documentaristico con doppia voce narrante, maschile e femminile nonch\u00e9 sottotitolato in inglese e sar\u00e0 dato alle stampe un testo destinato ai pi\u00f9 piccoli che saranno accompagnati, da personaggi fumettistici e da alcune narrazioni, nello svolgersi delle giornate di un tempo che fu. Rievochiamo, quindi, un\u2019Adrano avviluppata dalla polvere dei millenni. Grazie ancora per esser qui e buon viaggio nel tempo.<\/p>\n<p style=\"text-align: justify;\">Dear visitor,<br \/>\nthank you for coming. Alessandro Montalto e Francesco Branchina, designersand financiers of a project to which a permanent exhibition appartiene to, want to bring you back in the past, 4000 years ago, with a model of 4 square meters which shows a temple, some waterfalls and walls, an altar, an acropolis with his city gates, a sacred grove and a water source. Three miniaturescreate a triptych which represents a sacred journey of initiation: \u201c<em>light<\/em>\u201d and \u201c<em>dark<\/em>\u201d water sources, the altar of \u201c<em>Palici<\/em>\u201d and the benches of Muses. We will explain everything using two languages, Italian and English, illustrations and photographs. This exhibition is part of a big project and it is also for schools. In addition to it there will be a documentary short film with two voices, male and female with English subtitles and a text with comic book characters and tales for children which evoke the past, our old Adrano. Thank you and have a good travel through the time.<\/p>\n","protected":false},"excerpt":{"rendered":"<p>Gentile Visitatore, grazie per esser qui. Noi, Alessandro Montalto e Francesco Branchina, ideatori e finanziatori di un progetto che ha abbracciato anche un\u2019esposizione permanente, vogliamo offrirti un tuffo nel passato di 4.000 anni fa, attraverso un plastico per rivivere un tempio e delle cascate, delle mura e un&#8217;ara, un\u2019acropoli e le sue porte urbiche, un &hellip; <\/p>\n<p class=\"link-more\"><a href=\"https:\/\/www.adranoantica.it\/\" class=\"more-link\">Leggi tutto<span class=\"screen-reader-text\"> &#8220;Homepage&#8221;<\/span><\/a><\/p>\n","protected":false},"author":35,"featured_media":271,"parent":0,"menu_order":0,"comment_status":"open","ping_status":"closed","template":"","meta":{"_exactmetrics_skip_tracking":false,"footnotes":""},"class_list":["post-297","page","type-page","status-publish","has-post-thumbnail","hentry"],"_links":{"self":[{"href":"https:\/\/www.adranoantica.it\/index.php?rest_route=\/wp\/v2\/pages\/297","targetHints":{"allow":["GET"]}}],"collection":[{"href":"https:\/\/www.adranoantica.it\/index.php?rest_route=\/wp\/v2\/pages"}],"about":[{"href":"https:\/\/www.adranoantica.it\/index.php?rest_route=\/wp\/v2\/types\/page"}],"author":[{"embeddable":true,"href":"https:\/\/www.adranoantica.it\/index.php?rest_route=\/wp\/v2\/users\/35"}],"replies":[{"embeddable":true,"href":"https:\/\/www.adranoantica.it\/index.php?rest_route=%2Fwp%2Fv2%2Fcomments&post=297"}],"version-history":[{"count":25,"href":"https:\/\/www.adranoantica.it\/index.php?rest_route=\/wp\/v2\/pages\/297\/revisions"}],"predecessor-version":[{"id":1096,"href":"https:\/\/www.adranoantica.it\/index.php?rest_route=\/wp\/v2\/pages\/297\/revisions\/1096"}],"wp:featuredmedia":[{"embeddable":true,"href":"https:\/\/www.adranoantica.it\/index.php?rest_route=\/wp\/v2\/media\/271"}],"wp:attachment":[{"href":"https:\/\/www.adranoantica.it\/index.php?rest_route=%2Fwp%2Fv2%2Fmedia&parent=297"}],"curies":[{"name":"wp","href":"https:\/\/api.w.org\/{rel}","templated":true}]}}

<div class="lyte-wrapper" style="width:1280px;max-width:100%;margin:5px auto;"><div class="lyMe" id="WYL_vMpHho3d3o0"><div id="lyte_vMpHho3d3o0" data-src="//i.ytimg.com/vi/vMpHho3d3o0/hqdefault.jpg" class="pL"><div class="tC"><div class="tT"></div></div><button tabindex="0" class="play"></button><div class="ctrl"><div class="Lctrl"></div><div class="Rctrl"></div></div></div><noscript><a href="https://youtu.be/vMpHho3d3o0" rel="nofollow"><img loading="lazy" decoding="async" src="https://i.ytimg.com/vi/vMpHho3d3o0/0.jpg" alt="YouTube video thumbnail" width="1280" height="700" /><br />Guarda questo video su YouTube</a></noscript></div></div><div class="lL" style="max-width:100%;width:1280px;margin:5px auto;"><br/><span class="lyte_disclaimer">www.adranoantica.it</span></div></p>
<p style="text-align: justify;">Gentile Visitatore,<br />
grazie per esser qui. Noi, Alessandro Montalto e Francesco Branchina, ideatori e finanziatori di un progetto che ha abbracciato anche un’esposizione permanente, vogliamo offrirti un tuffo nel passato di 4.000 anni fa, attraverso un <span style="color: #ff0000;"><a style="color: #ff0000;" href="https://www.adranoantica.it/wp-content/uploads/2018/07/PlasticoFondoNero-e1540991426274.jpg">plastico</a></span> per rivivere un <span style="color: #ff0000;"><a style="color: #ff0000;" href="https://www.adranoantica.it/wp-content/uploads/2018/10/Plastico_tempio.jpg">tempio</a></span> e delle <span style="color: #ff0000;"><a style="color: #ff0000;" href="https://www.adranoantica.it/wp-content/uploads/2018/10/Plastico_cascate.jpg">cascate</a></span>, delle <a href="https://www.adranoantica.it/wp-content/uploads/2018/10/mura_ciclopiche.jpg"><span style="color: #ff0000;">mura</span></a> e un&#8217;<a href="https://www.adranoantica.it/wp-content/uploads/2018/10/palici.jpg"><span style="color: #ff0000;">ara</span></a>, un’<a href="https://www.adranoantica.it/wp-content/uploads/2018/10/acropoli.jpg"><span style="color: #ff0000;">acropoli</span></a> e le sue <a href="https://www.adranoantica.it/wp-content/uploads/2018/10/Plastico_mura.jpg"><span style="color: #ff0000;">porte urbiche</span></a>, un <a href="https://www.adranoantica.it/wp-content/uploads/2018/10/bosco.jpg"><span style="color: #ff0000;">bosco sacro</span></a> e una fonte d’<a href="https://www.miti3000.eu/adrano-avo-sicano/868-la-valle-delle-muse-il-chiacchierio-degli-dei.html"><span style="color: #ff0000;">acqua</span></a>. E anche tre diorami che compongono un trittico rivelante un percorso <a href="https://www.adranoantica.it/?p=259">sacro – iniziatico</a>, ossia, le fonti d’acqua “<a href="https://www.adranoantica.it/wp-content/uploads/2018/07/Diorami-9-e1540915994142.jpg"><span style="color: #ff0000;"><em>chiara</em></span></a>” e “<a href="https://www.adranoantica.it/wp-content/uploads/2018/07/Diorami-8-e1540915692134.jpg"><span style="color: #ff0000;"><em>scura</em></span></a>”, l’ara degli dei <a href="https://www.adranoantica.it/wp-content/uploads/2018/07/P1020065.jpg"><span style="color: #ff0000;"><em>Palici</em></span></a> e gli scranni delle <a href="https://www.adranoantica.it/wp-content/uploads/2018/10/image13.jpg"><span style="color: #ff0000;">Muse</span></a>. Anche attraverso un percorso bilingue, mediante illustrazioni e fotografie scattate sui veri luoghi che hanno ispirato il progetto, spiegheremo e dispiegheremo ogni cosa. Quanto qui in mostra è solo una parte di un programma ancor più esteso. Oltre all’esposizione, rivolta anche alle scuole, sarà montato un cortometraggio documentaristico con doppia voce narrante, maschile e femminile nonché sottotitolato in inglese e sarà dato alle stampe un testo destinato ai più piccoli che saranno accompagnati, da personaggi fumettistici e da alcune narrazioni, nello svolgersi delle giornate di un tempo che fu. Rievochiamo, quindi, un’Adrano avviluppata dalla polvere dei millenni. Grazie ancora per esser qui e buon viaggio nel tempo.</p>
<p style="text-align: justify;">Dear visitor,<br />
thank you for coming. Alessandro Montalto e Francesco Branchina, designersand financiers of a project to which a permanent exhibition appartiene to, want to bring you back in the past, 4000 years ago, with a model of 4 square meters which shows a temple, some waterfalls and walls, an altar, an acropolis with his city gates, a sacred grove and a water source. Three miniaturescreate a triptych which represents a sacred journey of initiation: “<em>light</em>” and “<em>dark</em>” water sources, the altar of “<em>Palici</em>” and the benches of Muses. We will explain everything using two languages, Italian and English, illustrations and photographs. This exhibition is part of a big project and it is also for schools. In addition to it there will be a documentary short film with two voices, male and female with English subtitles and a text with comic book characters and tales for children which evoke the past, our old Adrano. Thank you and have a good travel through the time.</p>
